n 303 is divided by l?
31
Let i(c) = c**3 - 7*c**2 + 8*c - 9. Suppose 124 = 4*s + 108. Suppose 6*z = -s*j + z + 38, -4 = 2*z. What is the remainder when j is divided by i(6)?
0
Let z be 10 - (-5 + 16) - 183/1. What is the remainder when z/(-16) + (-3)/(-2) is divided by 111/21 - 4/14?
3
Suppose 0 = -37*r + 44*r - 6671. Calculate the remainder when r is divided by 120.
113
What is the remainder when (21 + (-19827)/18)*(2 + -2 - 2) is divided by 23?
22
Suppose 0 = -x - 1, 0 = -0*n + 2*n - 5*x - 25. Suppose 36*f - 111039 = -103623. Calculate the remainder when f is divided by n.
6
Let a = -3562 - -3570. What is the remainder when 2423 is divided by a?
7
Let z(h) = -h**3 - 29*h**2 - 211*h + 20. Calculate the remainder when 1258 is divided by z(-15).
33
Let d = -2147 - -2411. Calculate the remainder when 278 is divided by d.
14
Suppose 0 = -67*n + 2185 + 1881 + 7726. Calculate the remainder when n is divided by 31.
21
Suppose -8*i = -228 - 332. Calculate the remainder when 265 is divided by 2/(i/(-114) - (-42)/63).
37
Suppose 0 = 2*k + 7 - 27. Suppose 0 = -4*h - k + 78. Let t = -265 + 332. Calculate the remainder when t is divided by h.
16
Let l = -9 + 24. Suppose -t = 2*v - 52, 15*v = 14*t - 13*t + 16. What is the remainder when t is divided by l?
14
Suppose 350*h = 353*h + w - 206, -5*w + 25 = 0. What is the remainder when 208 is divided by h?
7
Suppose -36*p + 172*p = -60*p + 183652. What is the remainder when p is divided by 120?
97
Let s(d) = -7 + 150*d + 189*d - 412*d. What is the remainder when s(-2) is divided by 24?
19
Let r = 195 + 36. Let x = r - 95. Calculate the remainder when x is divided by 14.
10
Let q(s) = 17*s**2 - 63*s - 67. Calculate the remainder when 388 is divided by q(-1).
11
Let q(d) = 5*d**2 - 71*d + 28. Let i be q(14). What is the remainder when 48516/364 - 4/i is divided by 50?
33
Suppose 0 = -168*l + 151*l + 2618. What is the remainder when 763 is divided by l?
147
Suppose -298 - 702 = -79*f + 59*f. What is the remainder when 547 - (-3 - (-6)/3) is divided by f?
48
Let y(d) = -d**3 + 11*d**2 - 64*d + 409. Suppose -4 - 26 = 5*j. Calculate the remainder when y(8) is divided by 1 + (2 - 2*j).
14
Suppose 0 = w + 7 + 88. Suppose -2*n - 122 = -r, 6*r + 183 = -3*n + r. Let s = n - w. Calculate the remainder when s is divided by 9.
7
Let t = 43 + -37. Suppose -2*j = t*j - 40. Let u(m) = 20*m + 12. Calculate the remainder when u(j) is divided by 19.
17
Let f = -170 - -172. Suppose -5*c - 2*q = -212, 0*q = -f*q - 8. Calculate the remainder when 127 is divided by c.
39
Calculate the remainder when 21*(9 + (-516)/(-36)) is divided by 175.
140
Let n = 432 + -230. Suppose -11*r + n = -304. Calculate the remainder when 275 is divided by r.
45
Suppose 0 = -6*t + 8600 - 2072. What is the remainder when t is divided by 109?
107
Calculate the remainder when 5/(90/8) - 461460/(-540) is divided by 145.
130
Suppose 0 = 3*x + 3. Calculate the remainder when (4 - 2) + 1*-9*x is divided by (-3 - (-1 + 0)) + 5.
2
Let a(d) = 453*d + 3139. Calculate the remainder when a(-6) is divided by 92.
53
Let q = -365 - -147. Let v = q - -233. Calculate the remainder when 35 is divided by v.
5
Let w(g) be the third derivative of 19*g**5/12 + g**4/12 - 7*g**2. Suppose h = 5*l + 16, -6 = 3*l - 6*l. Calculate the remainder when w(1) is divided by h.
19
Let d = 10029 - 9366. What is the remainder when d is divided by 36?
15
Suppose -4*m + 2 = -4*r + 42, -4*m + 14 = 5*r. Suppose -2*a + 27 = -3*a. Calculate the remainder when (-16)/(-24)*a/(-2) is divided by r.
3
Let v = -3516 - -3529. What is the remainder when 2752 is divided by v?
9
Suppose 108*q - 34*q = 10360. What is the remainder when 696 is divided by q?
136
Suppose -2*t - 177 = -c, -10*c + 15 = -7*c. Suppose 0 = -5*j - 0*j - 835. Let x = t - j. What is the remainder when x is divided by 14?
11
Let f(t) = t**3 + 48*t**2 + 21*t + 150. Let c be f(-48). Let l = 1885 + c. What is the remainder when l is divided by 49?
47
Let k = -217 + 217. Suppose 4*n - 8 - 96 = k. What is the remainder when 60 is divided by n?
8
Let d(l) = -4*l. Let t = 1096 + -1073. Calculate the remainder when d(-15) is divided by t.
14
Suppose -4*b - 4*o = -60, -b - 3*b + 4*o = -84. Suppose -3*u + b = -u. Let t = 134 - 103. Calculate the remainder when t is divided by u.
4
Suppose 3*o - 10 + 17 = 2*s, -s = -5*o - 7. Suppose 5*q + 5*n - 168 + 48 = 0, 3*q - s*n = 57. What is the remainder when 22 is divided by q?
1
Calculate the remainder when 130 is divided by ((-6)/(-7))/((3477/(-5054))/(-61)).
54
Suppose 0 = -3*a + 39*a - 2944 - 9944. What is the remainder when 1096 is divided by a?
22
What is the remainder when (-211046)/(-99) - (-36)/162 is divided by 12?
8
Suppose -37*c = -18*c - 20*c. Suppose x - 72 - 56 = c. What is the remainder when x is divided by 26?
24
Let o(r) = 111*r - 113. Suppose -8*a = -5*n - 11*a + 580, a = 5. What is the remainder when o(4) is divided by n?
105
Let q = -590 - -615. Calculate the remainder when q/50*(-82)/(-1) is divided by (-2*2)/(-2) + 13.
11
Let d = 6753 + -6743. Calculate the remainder when 686 is divided by d.
6
Let m = -2 + 18. Let q(l) = 5*l - 69. Suppose 0 = -5*n - 0*y + 2*y + 69, 5*n - 5*y - 60 = 0. What is the remainder when m is divided by q(n)?
4
Suppose 8*y + 40 = 10*y. Let s = y + -12. Suppose -v = v - s. Calculate the remainder when 23 is divided by v.
3
Let w = -7753 - -8235. Calculate the remainder when w is divided by 122.
116
Suppose -11*a + 1265 = -0*a. Suppose a = 5*o - 4*v, -9*v = -5*v. Calculate the remainder when o is divided by 38/(-209) - 90/(-11).
7
Let g(k) = -3*k**2 - 25*k - 23. What is the remainder when (3 - 1) + 30 + 1 is divided by g(-7)?
3
Let m(f) = -4*f - 4*f - 2*f + 3. Suppose -14*s + 774 = -248. What is the remainder when s is divided by m(-1)?
8
Let c(i) = 75*i**2 + 6*i - 10. Let o be c(2). Let p = o + -280. Calculate the remainder when 74 is divided by p.
8
Let w(m) = -4*m**2 + 37*m - 9. Calculate the remainder when w(7) is divided by 41.
13
Suppose 4*w - 5*w + s = -11, 2*s + 61 = 5*w. Let q(l) = l**2 - 17*l + 66. What is the remainder when q(w) is divided by 14?
0
Let y be (257/3)/((-2)/(-6)). Suppose 69 = -2*p + y. Let u = 1572 - 1560. Calculate the remainder when p is divided by u.
10
Suppose -5*s + 5*j + 141 = -399, -4*s = -j - 423. Calculate the remainder when 415 is divided by s.
100
Suppose -56*n + 39*n + 17714 = 0. Calculate the remainder when n is divided by 34.
22
Let x(d) = -d + 19. Let a(f) = f + 5*f + f + 17 - 6*f. Calculate the remainder when x(0) is divided by a(-10).
5
Calculate the remainder when 421 is divided by 346/4498 + (-3418)/(-13).
158
Suppose 0 = -42*u + 94*u - 16119 - 2757. What is the remainder when u is divided by 6?
3
Let c(p) = -p**2 - 10*p + 8. Let i be c(-11). Calculate the remainder when 57 is divided by ((-70)/(-49))/(129/42 + i).
17
Let d = -159 - -343. Let g(w) = w**2 + 13*w**2 + w**3 + 6*w - 6*w**2 + 4. What is the remainder when d is divided by g(-7)?
8
Suppose -70*x + 112 = -42*x. Suppose -80*w + q + 533 = -78*w, x*w - 1075 = 5*q. What is the remainder when w is divided by 69?
58
Let h(b) = b**2 + 2*b - 1. Let v(j) = 3*j**2 + 45*j - 172. Let d(r) = 5*h(r) - v(r). What is the remainder when (-1202)/(-7) + 4/14 is divided by d(6)?
27
Calculate the remainder when 100/(-175)*7833/(-6) is divided by 224.
74
Let f = -86522 + 86541. Suppose 2*w = -4*x + 266, -3*w = -5*x - 128 - 326. Calculate the remainder when w is divided by f.
10
Let i(u) = 67*u**2 - u - 1. Let k be i(-1). Let g = k + -42. Suppose 101 + 2644 = 145*y + 160*y. What is the remainder when g is divided by y?
7
Suppose -156*v - 5886 = -160*v + 3*l, -4*v + 5898 = -l. Calculate the remainder when v is divided by 76.
32
Let r(b) = 2*b + 8*b**2 + 10*b**2 + 2 - b**2 - 6*b. Suppose 99 - 539 = -11*m. What is the remainder when m is divided by r(1)?
10
Let u = 82 - 145. Let x = -43 - u. Suppose 3*o + 4*k + 33 = 189, -2*o = -3*k - 104. What is the remainder when o is divided by x?
12
Let o = -246 + 257. Suppose 3*t = -4*j, 3*j + 7 + 0 = -4*t. Suppose -164 = -5*q - 2*a + 45, -j*q - 4*a = -117. What is the remainder when q is divided by o?
10
Suppose -4*o + 17 = -3. Calculate the remainder when ((-15)/(-12) + -2)*-12 is divided by o.
4
Let w be (64/(-16))/((-4)/626). Let u = 